 = -2*y - 30, 3*y + y = -3*n - 42. What is the remainder when 114 is divided by 14/(-63) - 706/n?
36
Let h(t) = 4*t**2 + 3*t + 6. Let c be h(-5). Suppose -2*d + 2*z = 5*z - c, -3 = z. Let b = 49 + d. What is the remainder when b is divided by 34?
31
Let k(i) = 2 - 19*i + 2*i + 14 + 11*i. Let t = 40 + -8. Calculate the remainder when t is divided by k(-1).
10
Suppose -2*k - 22 = k - 2*b, -2*b = -2*k - 14. What is the remainder when (202/k)/(-1) + 6/(-24) is divided by 6?
1
Suppose 117*o = 2*o + 16215. Calculate the remainder when o is divided by ((-232)/3)/(-8)*(-3 - -6).
25
Let h = 73 + -72. Let i be h - 218/(-5) - (-14)/35. Calculate the remainder when 15/(-10) - i/(-6) is divided by 3.
0
Suppose -5*c - 7*c = 60. Let r(w) = 4*w**2 - 7*w - 5. Calculate the remainder when r(c) is divided by 19.
16
Let q = 25046 + -24881. Calculate the remainder when 182 is divided by q.
17
Let z(j) = j**3 - 6*j**2 + j + 9. Suppose 4 = -u, 2*t - 6*t - u + 20 = 0. What is the remainder when z(t) is divided by 10?
5
Let g = -335 - -332. Calculate the remainder when 98 is divided by 7 - ((-16)/4 + g).
0
Suppose 5*t - 30 = -20. Suppose 41 = t*w - 47. What is the remainder when 168 is divided by w?
36
Suppose 4*f - f - 4*z - 1218 = 0, -5*f - 5*z + 2065 = 0. Suppose 9*i - f = 445. Calculate the remainder when i is divided by 16.
15
Let o = 180 + -117. Let a(v) = -v**2 - 185*v + 761. What is the remainder when o is divided by a(4)?
3
Let g(f) = 3*f - 6. Let o = 592 - 334. Calculate the remainder when (o/(-4))/(8 - 133/14) is divided by g(5).
7
Let x(a) = 502*a - 9325. Calculate the remainder when x(19) is divided by 191.
22
Suppose -3*i = 5*d - 5*i + 1, 5 = -4*d + 3*i. Let y be (d/2)/(2/(-80)*-2). Calculate the remainder when 16 is divided by 2/4 + 85/y.
7
Suppose 88*v - 60 = 76*v. Suppose -4*a + 30 = -2. Suppose -a*r = -v*r - 66. Calculate the remainder when 87 is divided by r.
21
Let c(m) = -20*m + 37. Let f(l) = l**2 + 7*l + 43. What is the remainder when c(-3) is divided by f(-6)?
23
Let y be (-8)/(-6) + 22562/(-87). Let n = 273 + y. What is the remainder when 103 is divided by n?
13
Suppose -562*p - 805 = -597*p. What is the remainder when 180 is divided by p?
19
Suppose 25*h - 492 = 658. Let r(c) = 6*c**3 - 11 + 5*c**2 + 11 - 6*c**2. Calculate the remainder when h is divided by r(1).
1
Let t(c) = c**2 + 13*c + 55. Let q be t(-5). Let g(i) = i**2 - 12*i + 21. What is the remainder when g(q) is divided by 34?
32
Suppose a + 3*n = 891, 5*a + 2042 = -2*n + 6445. What is the remainder when 2653 is divided by a?
16
Suppose -2*h + 362 = 5*f, 5*f + 0*h - 3*h = 357. Suppose -1078*p + k + 280 = -1077*p, 5*p - 1418 = -4*k. Calculate the remainder when p is divided by f.
66
Let t(m) = -5*m**3 + 3*m**2 - 3. Let o be t(-2). Let l = o - 26. Suppose 0 = -2*q - d + 177, -d + 0*d - 1 = 0. Calculate the remainder when q is divided by l.
20
Suppose 12688 = -9*c - 4484. What is the remainder when 24/(-80)*-2 + c/(-20) is divided by 9?
6
Let a be (40/(-14))/((-11)/385). Suppose u - a = -67. What is the remainder when 95 is divided by u?
29
Suppose -4*w + 2 = -374. Suppose -207 = -103*v + w*v. What is the remainder when 86 is divided by v?
17
Suppose 896 = 5*a - 29. What is the remainder when a is divided by 78?
29
Calculate the remainder when 404 is divided by -117 + 289 - (2 + -21).
22
Let q(k) = -2*k**3 + 30*k**2 - 109*k + 68. Suppose 2*u - 1 = 53. What is the remainder when q(9) is divided by u?
5
Let q = -598 - -616. Suppose -2*m + q = j, -8*j - 3*m = -3*j - 55. Calculate the remainder when 64/3 - 2/(-3) is divided by j.
6
Suppose 5*y - 11 = 4*j + 2*y, 0 = 3*y - 3. Calculate the remainder when 180 - -1*(0 - j) is divided by 62.
58
Suppose 1113 = -8*t + 7969. Let c = -839 + t. Suppose 3*u + 0*u - 21 = 0. Calculate the remainder when c is divided by u.
4
Let o(q) = 10*q + 53. Let c be o(-5). Calculate the remainder when (-4)/c - 80/(-15)*52 is divided by 56.
52
Let t(v) = v**2 + 530*v + 4209. What is the remainder when 63 is divided by t(-8)?
30
Suppose -4*g + 4*l + 60 = 0, -33 = -3*g + 5*l + 12. Suppose 1320*z = 4040*z - 2740215 + 947735. What is the remainder when z is divided by g?
14
Let t(y) = -25*y - 111. Let q be t(-5). Suppose -q*z + 303 + 131 = 0. Suppose 122 = -j + 2*j. Calculate the remainder when j is divided by z.
29
Let p be (4/16)/(3/(-12))*-23. Suppose 1 = 2*o - 2*a - 69, -o + 5*a = -p. Suppose 5*y - o = 3*y. Calculate the remainder when 90 is divided by y.
14
Let u = -533 - -80. Let v = 487 + u. Calculate the remainder when 373 is divided by v.
33
Suppose -63*y = 47*y - 72273 + 23543. Calculate the remainder when y is divided by 113.
104
Suppose 3*z - 4153 = 5*a, 3*z + 3*a + 1552 = 5761. What is the remainder when z is divided by 233?
231
Let u(h) = 3*h + 309. Let j = 384 - 321. What is the remainder when u(-42) is divided by j?
57
Suppose -40 = 5*s - 300. Suppose -4*w + 177 = 5*u, -3*u - 530 = 4*w - 697. Calculate the remainder when s is divided by w.
14
Suppose 764 - 1998 = -39*o + 1145. Calculate the remainder when 71 is divided by o.
10
Let j = 28 - 12. Let y = 20 + -20. Suppose 2*x - 173 + 55 = y. What is the remainder when x is divided by j?
11
Suppose y = -43 + 62. Let u = -297 + 362. Calculate the remainder when u is divided by y.
8
Let q(l) = 692*l + 4752. Calculate the remainder when q(-6) is divided by 174.
78
Let h(o) = -314*o - 3294. What is the remainder when h(-47) is divided by 147?
145
What is the remainder when 588 is divided by ((-2)/6)/((-9177)/4554 - 4/(-2))?
16
Let p(x) = 91*x**2 + 26*x - 25. Let u be p(1). Suppose 0 = -4*s - 2*o - 2*o + 116, -3*s - 2*o = -u. What is the remainder when s is divided by 19?
15
Let y(n) = 360*n + 1470. Calculate the remainder when 42 is divided by y(-4).
12
Let c be 30 + 5/10*-4. Suppose 126 = c*u - 22*u. Calculate the remainder when 118 is divided by u - (2/(8/(-12)))/1.
22
Suppose -16 = 4*t, -h = 4*t + 9 - 1. Suppose 4*p = 56 + h. What is the remainder when 285 is divided by p?
13
Let x(j) be the third derivative of 1/3*j**3 + 0 + 1/24*j**4 - 5*j**2 + 0*j. Calculate the remainder when 37 is divided by x(8).
7
Let z = 133 + -95. Let m = 100 + -80. Calculate the remainder when z is divided by 10 + -1 - (19 - m).
8
Suppose 0 = -4*b - 4, -4*p + 4*b + 358 = -2078. What is the remainder when p is divided by 68?
64
Suppose 33*y = 55*y + 15 - 103. What is the remainder when 593 is divided by y?
1
Suppose -1811*q + 9700 = -1801*q. Calculate the remainder when q is divided by 106.
16
Let n(w) = w**3 + 4*w**2 - 2*w - 4. Let z be n(-4). Let o be (z/5)/((-2)/(-60)). Suppose -o = -3*b + 33. What is the remainder when 92 is divided by b?
16
Suppose -t + 145 = 4*t. Suppose t*i = 28*i + 2. Suppose -d = -f - 52, -5*d + 266 = -f + i*f. What is the remainder when d is divided by 21?
11
Suppose 26*j - 36 = 30*j. Let p = -8 - j. Suppose b = -z + 7, 2 + p = -b. What is the remainder when 69 is divided by z?
9
Let s be ((-60)/(-100))/(1 - (-7)/(-10)). Calculate the remainder when 21 is divided by (-752)/(-141)*3/s.
5
What is the remainder when (-5184)/120*60/(-18) is divided by 139?
5
Suppose -6*j - 3 = -5*j. Let x = -1 + 12. Calculate the remainder when 38/j*-3*(4 + -3) is divided by x.
5
Let n be (45 + -304)/(2/(-20)). What is the remainder when 6 + n/(-14)*1*-1 is divided by 15?
11
Let c(l) be the first derivative of l**3 + l**2/2 + l - 1. What is the remainder when 0*(-5)/(-15) - -12 is divided by c(-1)?
0
Suppose 115*j - 24176 - 6299 = 0. What is the remainder when j is divided by 95?
75
Calculate the remainder when 1215 is divided by 2 + (-48)/26 - (-457674)/1547.
31
What is the remainder when ((-6)/16*80832/(-144))/((-1)/(-2)) is divided by 115?
76
Let k = -29 + 48. Let t(i) = 10*i**2 - 28*i - 6. Let b be t(3). Suppose -4*n = -12, -4*c + 2*c + n + 123 = b. What is the remainder when c is divided by k?
6
Let l = 9 - -25. Suppose -5*j = 4*t - 468, 4*j - 502 + l = -4*t. Suppose -6*a - 1650 = -67*a + 6*a. What is the remainder when t is divided by a?
27
Suppose 248*r - 11232 = 32*r. Calculate the remainder when 1345 is divided by r.
45
Let r = -1664 - -1801. Calculate the remainder when 410 is divided by r.
136
Let d = 579 - 478. What is the remainder when 498 is divided by d?
94
Suppose 68*h - 1726 - 926 = 0. Calculate the rem